**2 + 4*n. What is g(4)?
0
Let m(n) = n - 28. Determine m(15).
-13
Let j(t) = -3*t**2 + 3*t + 2. Determine j(2).
-4
Let z(f) = -39*f**2 - 622*f + 28. Give z(-16).
-4
Let j(x) = -x**3 + 2*x - 12. What is j(-3)?
9
Let a(q) = q**3 + 6*q**2 + 4*q + 14. Determine a(-4).
30
Let a(j) = 26*j**2 - 2*j - 1. Determine a(-1).
27
Let y(n) = -n**3 + 5*n**2 - 2*n + 7. Determine y(5).
-3
Let z(p) = -p**2 - 7*p + 19. Calculate z(-9).
1
Let b(w) = w**3 - 8*w**2 - 8*w. Calculate b(9).
9
Let p(m) = m**3 + m**2 - 8*m - 4. Give p(-3).
2
Let n(x) = x**3 + 13*x**2 - 14*x + 4. Calculate n(-14).
4
Let l(b) = 72*b**2 + 2. Determine l(1).
74
Let f(a) = a**3 + 5*a**2 - a - 1. Determine f(-6).
-31
Let o(j) = 9*j - 89. Give o(11).
10
Let r(t) = 15*t - 41. Give r(3).
4
Let f(k) = -2*k + 15. Determine f(-8).
31
Let s(u) = -u**3 + 3*u**2 - 2*u - 5. Give s(-1).
1
Let k(z) = -2*z**2 - 3*z + 56. Give k(0).
56
Let p(q) = q**2 - q - 2. What is p(0)?
-2
Let a(w) = -w**2 - 14*w + 4. Give a(-7).
53
Let q(l) = l**2 + 15*l - 18. Determine q(-18).
36
Let n(z) = z**3 + 9*z**2 - 12*z + 6. Determine n(-10).
26
Let c(f) = f**2 + 6*f - 20. What is c(-9)?
7
Let l(y) = -y**3 + 12*y**2 + 12*y + 19. What is l(13)?
6
Let b(r) = r**3 - 3*r**2 + 2*r - 8. Give b(4).
16
Let w(c) = c**3 + 36*c**2 + c + 46. Calculate w(-36).
10
Let z(x) = 3*x**2 - 48*x + 15. Calculate z(16).
15
Let d(t) = -t**3 + 8*t**2 + 10*t - 6. Determine d(9).
3
Let o(h) = 7*h**3 + h + 1. Determine o(-1).
-7
Let s(v) = 32*v - 160. Give s(5).
0
Let y(j) = j**3 - 14*j**2 - 23*j + 27. Give y(15).
-93
Let p(k) = 28*k + 220. Determine p(-8).
-4
Let y(a) = a**3 + 3*a**2 + 3*a + 5. Determine y(-5).
-60
Let m(y) = -y**2 + 6*y + 1. What is m(9)?
-26
Let f(i) = i**2 + 9*i + 2. Determine f(-8).
-6
Let x(m) = -8*m - 2. What is x(3)?
-26
Let x(r) = -2*r**2 - 10*r - 5. Calculate x(-5).
-5
Let l(g) = -g**2 - 10*g + 66. Give l(-16).
-30
Let k(u) = 12*u - 40. Calculate k(9).
68
Let z(g) = 2*g**2 + 23*g - 5. Determine z(-12).
7
Let i(m) = m**3 - 5*m - 1. Calculate i(3).
11
Let s(t) = t**2 + 10*t + 24. Determine s(-8).
8
Let y(c) = -c - 10. Give y(-7).
-3
Let o(a) = a**3 + 6*a**2 + 8*a + 83. Determine o(-6).
35
Let q(n) = -2*n**3 + 6*n**2 - 7*n + 2. What is q(4)?
-58
Let z(m) = 6*m**2 - 9*m + 16. What is z(5)?
121
Let f(q) = 2*q**3 + 8*q**2 + 3*q + 7. Calculate f(-4).
-5
Let a(z) = -z**2 - 17*z - 52. What is a(-12)?
8
Let f(g) = -g**2 + 4*g + 2. Calculate f(-3).
-19
Let h(x) = -x**2 + 5*x - 6. Determine h(5).
-6
Let c(b) = 40*b - 6. What is c(0)?
-6
Let u(r) = r**3 + 4*r**2 - 3*r - 6. Calculate u(-4).
6
Let m(z) = 2*z**2 + 6*z + 2. Calculate m(-2).
-2
Let q(i) = 4*i - 25. What is q(7)?
3
Let v(s) = 12*s - 99. Give v(8).
-3
Let z(c) = -c**3 + 10*c**2 + 14*c + 15. Calculate z(11).
48
Let j(n) = n**3 + 4*n**2 + 9*n + 7. What is j(-4)?
-29
Let j(u) = 17*u + 14. Determine j(-6).
-88
Let a(w) = w**2 + w - 2. Give a(-4).
10
Let x(t) = t**2 - 7*t - 164. Calculate x(-10).
6
Let i(a) = -5*a**2 + 6*a - 2. Determine i(2).
-10
Let q(o) = 19*o**2 + 4*o + 11. Give q(-3).
170
Let y(i) = i**3 - 5*i**2 + 3*i - 4. Calculate y(4).
-8
Let h(s) = -15*s + 96. Determine h(7).
-9
Let t(p) = 3*p + 5. Give t(3).
14
Let z(k) = k - 9. Determine z(10).
1
Let t(i) = -i**3 - 3*i**2 + 8*i + 2. Calculate t(-6).
62
Let t(s) = s**3 + 7*s**2 - s + 9. Give t(-7).
16
Let l(g) = -g**2 + 6*g + 79. Calculate l(12).
7
Let u(o) = -5*o + 33. Determine u(-7).
68
Let d(j) = 71*j - 295. Determine d(4).
-11
Let q(g) = g**2 + 11*g + 8. What is q(-10)?
-2
Let v(p) = -p**2 - 27*p + 10. Give v(-29).
-48
Let k(h) = 3*h + 18. Determine k(-7).
-3
Let z(g) = g**3 - 4*g**2 - 8*g + 19. Give z(4).
-13
Let t(b) = -b**2 + 14*b + 629. What is t(-19)?
2
Let v(p) = -11*p + 11. Calculate v(-4).
55
Let k(y) = 24*y + 2. What is k(-2)?
-46
Let w(c) = c**2 - c - 39. Calculate w(-5).
-9
Let i(f) = f**3 + 15*f**2 + 2*f + 27. Calculate i(-15).
-3
Let d(p) = -p**3 + 5*p**2 - 5*p + 4. Give d(2).
6
Let a(d) = -d**3 + 12*d**2 + 8*d + 12. Calculate a(13).
-53
Let i(v) = -v**2 + v - 5. What is i(-3)?
-17
Let b(u) = -167*u - 1167. Calculate b(-7).
2
Let m(o) = 7*o - 20. Give m(3).
1
Let x(z) = -177*z - 534. Calculate x(-3).
-3
Let g(v) = v**2 + 11*v - 5. Determine g(-12).
7
Let a(q) = -6*q**3 - 42*q**2 - 5*q - 23. What is a(-7)?
12
Let f(k) = k**3 - 3*k**2 + 2*k - 5. What is f(3)?
1
Let p(g) = -2*g**3 + 25*g**2 - 13*g - 14. What is p(12)?
-26
Let s(b) = b**2 + 3*b + 2. What is s(-2)?
0
Let p(h) = -h**3 + 4*h**2 + 10*h - 35. Give p(3).
4
Let a(x) = x**3 - 6*x**2 - 3*x + 2. Give a(6).
-16
Let o(t) = 15*t - 79. Calculate o(6).
11
Let b(t) = -t**2 - t + 6. Calculate b(-4).
-6
Let m(n) = -n + 16. Calculate m(8).
8
Let s(l) = l**2 + 12*l + 25. What is s(-9)?
-2
Let p(y) = -y - 4. Calculate p(-3).
-1
Let x(p) = -35*p**2 - p - 2. What is x(-1)?
-36
Let d(s) = -2*s**2 + 6*s - 8. Determine d(1).
-4
Let z(i) = 22*i + 1448. Calculate z(-66).
-4
Let z(b) = b**3 + b**2 - 6*b - 9. Determine z(-3).
-9
Let x(z) = -z - 12. Calculate x(-5).
-7
Let l(r) = 2*r**2 - 4*r + 9. Give l(0).
9
Let z(k) = k**2 - 9*k + 19. What is z(4)?
-1
Let w(v) = v**3 - 10*v**2 - 58*v + 39. Calculate w(14).
11
Let v(q) = -6*q - 118. Calculate v(-19).
-4
Let t(g) = -5*g**2 - 2*g - 5. Calculate t(4).
-93
Let v(g) = -g**2 - 9*g - 10. Determine v(-8).
-2
Let j(n) = 2*n**3 - n**2 - 2*n. Calculate j(2).
8
Let b(s) = s - 10. What is b(4)?
-6
Let d(g) = -16*g + 1. What is d(3)?
-47
Let z(c) = c**2 - 7*c + 3. Calculate z(4).
-9
Let p(s) = s**3 - 7*s**2 + 4*s + 10. Calculate p(6).
-2
Let m(u) = 21*u**2 + 104*u + 4. Give m(-5).
9
Let v(r) = 25*r**2 + 10*r + 12. Give v(-2).
92
Let x(r) = -r**2 + 4*r + 12. Calculate x(-4).
-20
Let m(t) = -t**3 - 12*t**2 + 15*t + 19. Give m(-13).
-7
Let w(a) = -101*a - 2. Give w(-1).
99
Let g(h) = -70*h + 4. What is g(-1)?
74
Let o(i) = -i**2 + i - 3. What is o(0)?
-3
Let g(k) = -k**3 + k**2 - 3*k + 1. Calculate g(0).
1
Let h(w) = w**2 + 19*w + 46. What is h(-20)?
66
Let u(i) = 2*i**2 + 17*i - 34. Calculate u(-10).
-4
Let n(z) = -8*z**2 + 9*z - 8. Give n(1).
-7
Let m(r) = -r**2 + 30*r - 30. What is m(29)?
-1
Let k(y) = -8*y + 105. Determine k(12).
9
Let f(j) = 12*j + 4. Calculate f(-3).
-32
Let j(l) = -l**2 + 22*l - 33. Determine j(23).
-56
Let f(t) = 2*t**3 + 17*t**2 - 20*t - 99. What is f(-9)?
0
Let i(u) = -3*u + 12. Give i(14).
-30
Let a(j) = j**3 + 19*j**2 + 55*j + 123. Determine a(-16).
11
Let f(p) = p**3 + 18*p**2 - 40*p + 8. Give f(-20).
8
Let f(k) = k**3 - 6*k**2 - 7*k + 25. What is f(5)?
-35
Let o(l) = -3*l - 17. What is o(-9)?
10
Let b(t) = 2*t**2 + 3*t. Calculate b(0).
0
Let z(i) = i**2 + 11*i + 13. Determine z(-10).
3
Let w(v) = v**3 - 6*v**2 - 9*v - 3. Give w(8).
53
Let a(n) = 24*n - 51. Determine a(2).
-3
Let b(j) = j**3 - 7*j**2 - 2*j + 4. Calculate b(8).
52
Let g(t) = t**3 - 9*t**2 - t - 7. What is g(9)?
-16
Let f(u) = 6*u. What is f(8)?
48
Let f(w) = -3*w + 75. Determine f(19).
18
Let t(h) = 7*h**2 + 3*h + 4. What is t(-2)?
26
Let b(v) = -v**3 - 27*v**2 + 59*v + 30. Determine b(-29).
1
Let o(j) = -j**3 + 7*j**2 + 2*j + 7. What is o(7)?
21
Let n(b) = -b**3 + 19*b**2 - 26*b - 149. Calculate n(17).
-13
Let k(s) = 5*s - 3. What is k(3)?
12
Let j(x) = -x**3 + 9*x**2 + 14*x - 18. Calculate j(10).
22
Let c(u) = u**3 + 11*u**2 + u - 3. Give c(-11).
-14
Let x(t) = -4*t - 24. Give x(-10).
16
Let o(w) = w**3 - 3*w**2 - 8*w - 7. Give o(5).
3
Let a(r) = 18*r + 102. Determine a(-6).
-6
Let z(u) = 88*u - 94. Determine z(1).
-6
Let l(r) = -r. Give l(4).
-4
Let t(o) = -3*o**3 - 3*o**2 + 2*o + 4. Give t(-2).
12
Let q(p) = 2*p + 4. What is q(1)?
6
Let x(l) = -l**2 + 7*l - 10. What is x(5)?
0
Let z(y) = 2*y**2 + 39*y + 78. Give z(-17).
-7
Let q(j) = -j - 7. Give q(-3).
-4
Let x(z) = z + 2. Determine x(6).
8
Let p(n) = -20*n**2 + 6*n + 7. Determine p(-1).
-19
Let p(j) = 4*j**3 - 2*j**2 - 2. Give p(2).
22
Let h(c) = 4*c - 98. Give h(19).
-22
Let k(f) = f**3 + 4*f**2 + 4*f + 3. What is k(-3)?
0
Let f(c) = -36*c - 219. Calculate f(-6).
-3
Let r(f) = 84*f**3 + 2*f**2 + 11*f + 10. Calculate r(-1).
-83
Let y(f) = 4*f + 7. Give y(-3).
-5
Let z(u) = 12*u**2 + 2*u - 2. Give z(1).
12
Let t(p) = -2*p**2 - 4*p - 1. Calculate t(-2).
-1
Let i(w) = w**3 - 7*w**2 + 7*w + 5. Give i(4).
-15
Let z(b) = 13*b - 11. Determine z(2).
15
Let f(g) = 3*g**2 + 1. Determine f(1).